CRAN Package Check Results for Package emuR

Last updated on 2020-08-14 03:47:41 CEST.

Flavor Version Tinstall Tcheck Ttotal Status Flags
r-devel-linux-x86_64-debian-clang 2.1.0 1.20 2.32 3.52 ERROR
r-devel-linux-x86_64-debian-gcc 2.1.0 17.34 189.18 206.52 OK
r-devel-linux-x86_64-fedora-clang 2.1.0 322.58 OK
r-devel-linux-x86_64-fedora-gcc 2.1.0 317.81 OK
r-devel-windows-ix86+x86_64 2.1.0 48.00 261.00 309.00 OK
r-patched-linux-x86_64 2.1.0 20.36 250.72 271.08 OK
r-patched-solaris-x86 2.1.0 393.70 OK
r-release-linux-x86_64 2.1.0 21.44 252.37 273.81 OK
r-release-macos-x86_64 2.1.0 OK
r-release-windows-ix86+x86_64 2.1.0 47.00 344.00 391.00 OK
r-oldrel-macos-x86_64 2.1.0 OK
r-oldrel-windows-ix86+x86_64 2.1.0 27.00 241.00 268.00 OK

Check Details

Version: 2.1.0
Check: package dependencies
Result: ERROR
    Package required but not available: 'tidyr'
    
    See section 'The DESCRIPTION file' in the 'Writing R Extensions'
    manual.
Flavor: r-devel-linux-x86_64-debian-clang