CRAN Package Check Results for Package emojifont

Last updated on 2020-08-03 05:48:45 CEST.

Flavor Version Tinstall Tcheck Ttotal Status Flags
r-devel-linux-x86_64-debian-clang 0.5.3 4.54 42.67 47.21 OK
r-devel-linux-x86_64-debian-gcc 0.5.3 3.91 33.05 36.96 OK
r-devel-linux-x86_64-fedora-clang 0.5.3 64.03 NOTE
r-devel-linux-x86_64-fedora-gcc 0.5.3 55.54 OK
r-devel-windows-ix86+x86_64 0.5.3 25.00 56.00 81.00 NOTE
r-patched-linux-x86_64 0.5.3 4.81 41.62 46.43 OK
r-patched-solaris-x86 0.5.3 83.00 NOTE
r-release-linux-x86_64 0.5.3 4.90 41.71 46.61 OK
r-release-macos-x86_64 0.5.3 NOTE
r-release-windows-ix86+x86_64 0.5.3 26.00 82.00 108.00 NOTE
r-oldrel-macos-x86_64 0.5.3 NOTE
r-oldrel-windows-ix86+x86_64 0.5.3 13.00 53.00 66.00 NOTE

Check Details

Version: 0.5.3
Check: installed package size
Result: NOTE
     installed size is 7.0Mb
     sub-directories of 1Mb or more:
     emoji_fonts 6.5Mb
Flavors: r-devel-linux-x86_64-fedora-clang, r-devel-windows-ix86+x86_64, r-patched-solaris-x86, r-release-macos-x86_64, r-release-windows-ix86+x86_64, r-oldrel-macos-x86_64, r-oldrel-windows-ix86+x86_64