Last updated on 2023-12-01 04:53:54 CET.
Flavor | Version | Tinstall | Tcheck | Ttotal | Status | Flags |
---|---|---|---|---|---|---|
r-devel-linux-x86_64-debian-clang | 2.2.1 | 28.07 | 232.46 | 260.53 | OK | |
r-devel-linux-x86_64-debian-gcc | 2.2.1 | 23.28 | 169.77 | 193.05 | OK | |
r-devel-linux-x86_64-fedora-clang | 2.2.1 | 321.61 | NOTE | |||
r-devel-linux-x86_64-fedora-gcc | 2.2.1 | 338.62 | NOTE | |||
r-devel-windows-x86_64 | 2.2.1 | 24.00 | 165.00 | 189.00 | OK | |
r-patched-linux-x86_64 | 2.2.1 | 26.12 | 220.69 | 246.81 | OK | |
r-release-linux-x86_64 | 2.2.1 | 18.15 | 219.59 | 237.74 | OK | |
r-release-macos-arm64 | 2.2.1 | 89.00 | OK | |||
r-release-macos-x86_64 | 2.2.1 | 217.00 | OK | |||
r-release-windows-x86_64 | 2.2.1 | 34.00 | 219.00 | 253.00 | OK | |
r-oldrel-macos-arm64 | 2.2.1 | 102.00 | OK | |||
r-oldrel-macos-x86_64 | 2.2.0 | 116.00 | OK | |||
r-oldrel-windows-x86_64 | 2.2.1 | 35.00 | 218.00 | 253.00 | OK |
Version: 2.2.1
Check: data for non-ASCII characters
Result: NOTE
Note: found 50 marked Latin-1 strings
Flavors: r-devel-linux-x86_64-fedora-clang, r-devel-linux-x86_64-fedora-gcc