CRAN Package Check Results for Package emdbook

Last updated on 2020-08-04 03:47:48 CEST.

Flavor Version Tinstall Tcheck Ttotal Status Flags
r-devel-linux-x86_64-debian-clang 1.3.12 9.88 82.19 92.07 OK
r-devel-linux-x86_64-debian-gcc 1.3.12 8.50 62.83 71.33 OK
r-devel-linux-x86_64-fedora-clang 1.3.12 117.46 NOTE
r-devel-linux-x86_64-fedora-gcc 1.3.12 109.01 OK
r-devel-windows-ix86+x86_64 1.3.12 25.00 88.00 113.00 OK
r-patched-linux-x86_64 1.3.12 11.19 80.83 92.02 OK
r-patched-solaris-x86 1.3.12 157.00 OK
r-release-linux-x86_64 1.3.12 8.94 79.81 88.75 OK
r-release-macos-x86_64 1.3.12 OK
r-release-windows-ix86+x86_64 1.3.12 25.00 128.00 153.00 OK
r-oldrel-macos-x86_64 1.3.12 NOTE
r-oldrel-windows-ix86+x86_64 1.3.12 16.00 115.00 131.00 OK

Check Details

Version: 1.3.12
Check: Rd cross-references
Result: NOTE
    Undeclared package ‘mvtnorm’ in Rd xrefs
Flavor: r-devel-linux-x86_64-fedora-clang

Version: 1.3.12
Check: dependencies in R code
Result: NOTE
    No protocol specified
Flavor: r-oldrel-macos-x86_64