CRAN Package Check Results for Package em

Last updated on 2024-03-03 16:49:56 CET.

Flavor Version Tinstall Tcheck Ttotal Status Flags
r-devel-linux-x86_64-debian-clang 1.0.0 91.77 229.65 321.42 NOTE
r-devel-linux-x86_64-debian-gcc 1.0.0 65.50 574.15 639.65 NOTE
r-devel-linux-x86_64-fedora-clang 1.0.0 599.46 NOTE
r-devel-linux-x86_64-fedora-gcc 1.0.0 696.45 NOTE
r-devel-windows-x86_64 1.0.0 71.00 265.00 336.00 NOTE
r-patched-linux-x86_64 1.0.0 85.41 509.38 594.79 NOTE
r-release-linux-x86_64 1.0.0 90.47 510.73 601.20 NOTE
r-release-macos-arm64 1.0.0 132.00 NOTE
r-release-macos-x86_64 1.0.0 215.00 NOTE
r-release-windows-x86_64 1.0.0 90.00 287.00 377.00 NOTE
r-oldrel-macos-arm64 1.0.0 99.00 OK
r-oldrel-windows-x86_64 1.0.0 86.00 267.00 353.00 OK

Check Details

Version: 1.0.0
Check: C++ specification
Result: NOTE Specified C++11: please drop specification unless essential Flavors: r-devel-linux-x86_64-debian-clang, r-devel-linux-x86_64-debian-gcc, r-devel-linux-x86_64-fedora-clang, r-devel-linux-x86_64-fedora-gcc, r-devel-windows-x86_64, r-patched-linux-x86_64, r-release-linux-x86_64, r-release-macos-arm64, r-release-macos-x86_64, r-release-windows-x86_64

Version: 1.0.0
Check: Rd files
Result: NOTE checkRd: (-1) em.Rd:25: Lost braces 25 | \code{terms} the code{terms} object used. | ^ checkRd: (-1) em.clogit.Rd:65: Lost braces 65 | \code{terms} the code{terms} object used. | ^ checkRd: (-1) em.default.Rd:65: Lost braces 65 | \code{terms} the code{terms} object used. | ^ checkRd: (-1) em.fitdist.Rd:49: Lost braces 49 | \code{terms} the code{terms} object used. | ^ checkRd: (-1) em.glmerMod.Rd:50: Lost braces 50 | \code{terms} the code{terms} object used. | ^ checkRd: (-1) em.panelmodel.Rd:49: Lost braces 49 | \code{terms} the code{terms} object used. | ^ Flavors: r-devel-linux-x86_64-debian-clang, r-devel-linux-x86_64-debian-gcc, r-devel-linux-x86_64-fedora-clang, r-devel-linux-x86_64-fedora-gcc