CRAN Package Check Results for Package eiwild

Last updated on 2020-06-02 03:47:48 CEST.

Flavor Version Tinstall Tcheck Ttotal Status Flags
r-devel-linux-x86_64-debian-clang 0.6.7 4.81 28.19 33.00 WARN
r-devel-linux-x86_64-debian-gcc 0.6.7 4.64 22.28 26.92 WARN
r-devel-linux-x86_64-fedora-clang 0.6.7 50.46 WARN
r-devel-linux-x86_64-fedora-gcc 0.6.7 41.13 WARN
r-devel-windows-ix86+x86_64 0.6.7 21.00 69.00 90.00 WARN
r-patched-linux-x86_64 0.6.7 5.68 28.30 33.98 NOTE
r-patched-solaris-x86 0.6.7 60.70 NOTE
r-release-linux-x86_64 0.6.7 4.91 28.59 33.50 NOTE
r-release-osx-x86_64 0.6.7 NOTE
r-release-windows-ix86+x86_64 0.6.7 15.00 78.00 93.00 NOTE
r-oldrel-osx-x86_64 0.6.7 NOTE
r-oldrel-windows-ix86+x86_64 0.6.7 14.00 49.00 63.00 NOTE

Check Details

Version: 0.6.7
Check: whether the namespace can be loaded with stated dependencies
Result: WARN
    Warning: S4 exports specified in 'NAMESPACE' but not defined in package 'eiwild'
Flavors: r-devel-linux-x86_64-debian-clang, r-devel-linux-x86_64-debian-gcc, r-devel-linux-x86_64-fedora-clang, r-devel-linux-x86_64-fedora-gcc

Version: 0.6.7
Check: R code for possible problems
Result: NOTE
    comPlot: no visible global function definition for 'lines'
    convertEiData: no visible global function definition for 'model.frame'
    plot.eiwild: no visible global function definition for 'par'
    plotResult: no visible global function definition for 'grey'
    plotResult: no visible global function definition for
     'colorRampPalette'
    plotResult: no visible global function definition for 'plot.new'
    plotResult: no visible global function definition for 'plot.window'
    prioriPlot: no visible global function definition for 'par'
    prioriPlot : <anonymous> : <anonymous>: no visible global function
     definition for 'rgamma'
    prioriPlot : <anonymous>: no visible global function definition for
     'rbeta'
    prioriPlot: no visible global function definition for 'hist'
    prioriPlot : <anonymous>: no visible global function definition for
     'rgamma'
    prioriPlot : <anonymous> : <anonymous>: no visible global function
     definition for 'rexp'
    prioriPlot : <anonymous>: no visible global function definition for
     'rexp'
    runMBayes: no visible global function definition for 'runif'
    runMBayes: no visible global function definition for 'rgamma'
    runMBayes: no visible global function definition for 'rexp'
    str0: no visible global function definition for 'str'
    tuneVars: no visible global function definition for 'sd'
    Undefined global functions or variables:
     colorRampPalette grey hist lines model.frame par plot.new plot.window
     rbeta rexp rgamma runif sd str
    Consider adding
     importFrom("grDevices", "colorRampPalette", "grey")
     importFrom("graphics", "hist", "lines", "par", "plot.new",
     "plot.window")
     importFrom("stats", "model.frame", "rbeta", "rexp", "rgamma", "runif",
     "sd")
     importFrom("utils", "str")
    to your NAMESPACE file.
Flavors: r-devel-linux-x86_64-debian-clang, r-devel-linux-x86_64-debian-gcc, r-devel-linux-x86_64-fedora-clang, r-devel-linux-x86_64-fedora-gcc, r-devel-windows-ix86+x86_64, r-patched-linux-x86_64, r-patched-solaris-x86, r-release-linux-x86_64, r-release-osx-x86_64, r-release-windows-ix86+x86_64

Version: 0.6.7
Check: compiled code
Result: NOTE
    File ‘eiwild/libs/eiwild.so’:
     Found no calls to: ‘R_registerRoutines’, ‘R_useDynamicSymbols’
    
    It is good practice to register native routines and to disable symbol
    search.
    
    See ‘Writing portable packages’ in the ‘Writing R Extensions’ manual.
Flavors: r-devel-linux-x86_64-fedora-clang, r-devel-linux-x86_64-fedora-gcc

Version: 0.6.7
Check: whether package can be installed
Result: WARN
    Found the following significant warnings:
     Warning: S4 exports specified in 'NAMESPACE' but not defined in package 'eiwild'
Flavor: r-devel-windows-ix86+x86_64

Version: 0.6.7
Check: whether the namespace can be loaded with stated dependencies
Result: NOTE
    Warning: S4 exports specified in 'NAMESPACE' but not defined in package 'eiwild'
    
    A namespace must be able to be loaded with just the base namespace
    loaded: otherwise if the namespace gets loaded by a saved object, the
    session will be unable to start.
    
    Probably some imports need to be declared in the NAMESPACE file.
Flavors: r-devel-windows-ix86+x86_64, r-devel-windows-ix86+x86_64

Version: 0.6.7
Check: R code for possible problems
Result: NOTE
    comPlot: no visible global function definition for ‘plot’
    comPlot: no visible global function definition for ‘lines’
    convertEiData: no visible global function definition for ‘model.frame’
    plot.eiwild: no visible global function definition for ‘plot’
    plot.eiwild: no visible global function definition for ‘par’
    plotResult: no visible global function definition for ‘grey’
    plotResult: no visible global function definition for
     ‘colorRampPalette’
    plotResult: no visible global function definition for ‘plot.new’
    plotResult: no visible global function definition for ‘plot.window’
    prioriPlot: no visible global function definition for ‘par’
    prioriPlot : <anonymous> : <anonymous>: no visible global function
     definition for ‘rgamma’
    prioriPlot : <anonymous>: no visible global function definition for
     ‘rbeta’
    prioriPlot: no visible global function definition for ‘hist’
    prioriPlot : <anonymous>: no visible global function definition for
     ‘rgamma’
    prioriPlot : <anonymous> : <anonymous>: no visible global function
     definition for ‘rexp’
    prioriPlot : <anonymous>: no visible global function definition for
     ‘rexp’
    runMBayes: no visible global function definition for ‘runif’
    runMBayes: no visible global function definition for ‘rgamma’
    runMBayes: no visible global function definition for ‘rexp’
    str0: no visible global function definition for ‘str’
    tuneVars: no visible global function definition for ‘sd’
    Undefined global functions or variables:
     colorRampPalette grey hist lines model.frame par plot plot.new
     plot.window rbeta rexp rgamma runif sd str
    Consider adding
     importFrom("grDevices", "colorRampPalette", "grey")
     importFrom("graphics", "hist", "lines", "par", "plot", "plot.new",
     "plot.window")
     importFrom("stats", "model.frame", "rbeta", "rexp", "rgamma", "runif",
     "sd")
     importFrom("utils", "str")
    to your NAMESPACE file.
Flavors: r-oldrel-osx-x86_64, r-oldrel-windows-ix86+x86_64