CRAN Package Check Results for Package ei

Last updated on 2020-08-03 05:48:45 CEST.

Flavor Version Tinstall Tcheck Ttotal Status Flags
r-devel-linux-x86_64-debian-clang 1.3-3 13.63 122.70 136.33 OK
r-devel-linux-x86_64-debian-gcc 1.3-3 11.47 92.00 103.47 OK
r-devel-linux-x86_64-fedora-clang 1.3-3 167.76 OK
r-devel-linux-x86_64-fedora-gcc 1.3-3 160.09 OK
r-devel-windows-ix86+x86_64 1.3-3 34.00 125.00 159.00 OK
r-patched-linux-x86_64 1.3-3 15.38 120.24 135.62 OK
r-patched-solaris-x86 1.3-3 221.60 OK
r-release-linux-x86_64 1.3-3 12.99 121.00 133.99 OK
r-release-macos-x86_64 1.3-3 OK
r-release-windows-ix86+x86_64 1.3-3 34.00 179.00 213.00 OK
r-oldrel-macos-x86_64 1.3-3 FAIL
r-oldrel-windows-ix86+x86_64 1.3-3 20.00 158.00 178.00 OK

Check Details

Version: 1.3-3
Check: dependencies in R code
Result: FAIL
Flavor: r-oldrel-macos-x86_64