Last updated on 2023-12-01 04:53:54 CET.
Flavor | Version | Tinstall | Tcheck | Ttotal | Status | Flags |
---|---|---|---|---|---|---|
r-devel-linux-x86_64-debian-clang | 2.11.1 | 34.03 | 179.17 | 213.20 | WARN | |
r-devel-linux-x86_64-debian-gcc | 2.11.2 | 27.78 | 135.04 | 162.82 | OK | |
r-devel-linux-x86_64-fedora-clang | 2.11.2 | 275.14 | OK | |||
r-devel-linux-x86_64-fedora-gcc | 2.11.2 | 284.92 | OK | |||
r-devel-windows-x86_64 | 2.11.2 | 41.00 | 190.00 | 231.00 | OK | |
r-patched-linux-x86_64 | 2.11.2 | 29.60 | 173.69 | 203.29 | OK | |
r-release-linux-x86_64 | 2.11.1 | 32.41 | 174.59 | 207.00 | OK | |
r-release-macos-arm64 | 2.11.2 | 88.00 | OK | |||
r-release-macos-x86_64 | 2.11.1 | 213.00 | OK | |||
r-release-windows-x86_64 | 2.11.2 | 48.00 | 220.00 | 268.00 | OK | |
r-oldrel-macos-arm64 | 2.11.2 | 82.00 | OK | |||
r-oldrel-macos-x86_64 | 2.11.1 | 195.00 | OK | |||
r-oldrel-windows-x86_64 | 2.11.2 | 47.00 | 211.00 | 258.00 | OK |
Version: 2.11.1
Check: whether package can be installed
Result: WARN
Found the following significant warnings:
coxfun.c:108:31: warning: format specifies type 'double' but the argument has type 'int' [-Wformat]
coxfun.c:109:26: warning: format specifies type 'double' but the argument has type 'int' [-Wformat]
See ‘/home/hornik/tmp/R.check/r-devel-clang/Work/PKGS/eha.Rcheck/00install.out’ for details.
* used C compiler: ‘Debian clang version 17.0.5 (1)’
* used Fortran compiler: ‘Debian flang-new version 17.0.5 (1)’
Flavor: r-devel-linux-x86_64-debian-clang
Version: 2.11.1
Check: Rd files
Result: NOTE
checkRd: (-1) aftreg.Rd:102: Lost braces; missing escapes or markup?
102 | {S(t; a, b, beta, z) = S_0((t/exp(b - z beta))^exp(a))}
| ^
Flavor: r-devel-linux-x86_64-debian-clang