CRAN Package Check Results for Package effects

Last updated on 2024-07-21 16:52:10 CEST.

Flavor Version Tinstall Tcheck Ttotal Status Flags
r-devel-linux-x86_64-debian-clang 4.2-2 16.05 220.93 236.98 OK
r-devel-linux-x86_64-debian-gcc 4.2-2 12.46 161.13 173.59 NOTE
r-devel-linux-x86_64-fedora-clang 4.2-2 289.68 OK
r-devel-linux-x86_64-fedora-gcc 4.2-2 288.66 OK
r-devel-windows-x86_64 4.2-2 16.00 218.00 234.00 NOTE
r-patched-linux-x86_64 4.2-2 23.72 209.62 233.34 OK
r-release-linux-x86_64 4.2-2 16.10 202.52 218.62 OK
r-release-macos-arm64 4.2-2 88.00 OK
r-release-macos-x86_64 4.2-2 131.00 WARN
r-release-windows-x86_64 4.2-2 14.00 216.00 230.00 OK
r-oldrel-macos-arm64 4.2-2 97.00 OK
r-oldrel-macos-x86_64 4.2-2 175.00 OK
r-oldrel-windows-x86_64 4.2-2 19.00 250.00 269.00 OK

Check Details

Version: 4.2-2
Check: Rd cross-references
Result: NOTE Found the following Rd file(s) with Rd \link{} targets missing package anchors: effCoef.Rd: get_parameters effect.Rd: gls, multinom, polr, lmer, glmer, svyglm, xyplot, densityplot, barchart effectsTheme.Rd: trellis.device, trellis.par.set plot.effect.Rd: sequential_hcl, lattice, xyplot, densityplot, print.trellis Please provide package anchors for all Rd \link{} targets not in the package itself and the base packages. Flavors: r-devel-linux-x86_64-debian-gcc, r-devel-windows-x86_64

Version: 4.2-2
Check: re-building of vignette outputs
Result: WARN Error(s) in re-building vignettes: --- re-building ‘functions-supported-by-effects.Rnw’ using knitr --- finished re-building ‘functions-supported-by-effects.Rnw’ --- re-building ‘partial-residuals.Rnw’ using knitr Error: processing vignette 'partial-residuals.Rnw' failed with diagnostics: Running 'texi2dvi' on 'partial-residuals.tex' failed. LaTeX errors: ! Undefined control sequence. l.123 \hldef {mvrunif} \hlkwb{<-} \hlkwa{function}\hldef{(}\hlkwc{n}\hldef{,}... ? ! Emergency stop. l.123 End of file on the terminal! ! ==> Fatal error occurred, no output PDF file produced! --- failed re-building ‘partial-residuals.Rnw’ --- re-building ‘predictor-effects-gallery.Rnw’ using knitr --- finished re-building ‘predictor-effects-gallery.Rnw’ SUMMARY: processing the following file failed: ‘partial-residuals.Rnw’ Error: Vignette re-building failed. Execution halted Flavor: r-release-macos-x86_64