Last updated on 2023-12-02 16:49:12 CET.
Flavor | Version | Tinstall | Tcheck | Ttotal | Status | Flags |
---|---|---|---|---|---|---|
r-devel-linux-x86_64-debian-clang | 1.2.0 | 92.89 | 89.61 | 182.50 | OK | |
r-devel-linux-x86_64-debian-gcc | 1.2.0 | 67.47 | 68.24 | 135.71 | OK | |
r-devel-linux-x86_64-fedora-clang | 1.2.0 | 224.41 | OK | |||
r-devel-linux-x86_64-fedora-gcc | 1.2.0 | 258.39 | OK | |||
r-devel-windows-x86_64 | 1.2.0 | 61.00 | 100.00 | 161.00 | NOTE | |
r-patched-linux-x86_64 | 1.2.0 | 75.98 | 87.14 | 163.12 | OK | |
r-release-linux-x86_64 | 1.2.0 | 82.99 | 88.37 | 171.36 | OK | |
r-release-macos-arm64 | 1.2.0 | 74.00 | NOTE | |||
r-release-macos-x86_64 | 1.2.0 | 111.00 | NOTE | |||
r-release-windows-x86_64 | 1.2.0 | 80.00 | 124.00 | 204.00 | NOTE | |
r-oldrel-macos-arm64 | 1.2.0 | 62.00 | NOTE | |||
r-oldrel-macos-x86_64 | 1.2.0 | 112.00 | NOTE | |||
r-oldrel-windows-x86_64 | 1.2.0 | 74.00 | 121.00 | 195.00 | NOTE |
Version: 1.2.0
Check: installed package size
Result: NOTE
installed size is 12.7Mb
sub-directories of 1Mb or more:
libs 12.6Mb
Flavors: r-devel-windows-x86_64, r-release-macos-arm64, r-release-macos-x86_64, r-release-windows-x86_64, r-oldrel-macos-arm64, r-oldrel-macos-x86_64, r-oldrel-windows-x86_64