CRAN Package Check Results for Package eechidna

Last updated on 2020-08-14 03:47:41 CEST.

Flavor Version Tinstall Tcheck Ttotal Status Flags
r-devel-linux-x86_64-debian-clang 1.4.0 0.77 2.62 3.39 ERROR
r-devel-linux-x86_64-debian-gcc 1.4.0 9.69 90.31 100.00 OK
r-devel-linux-x86_64-fedora-clang 1.4.0 158.70 OK
r-devel-linux-x86_64-fedora-gcc 1.4.0 151.54 OK
r-devel-windows-ix86+x86_64 1.4.0 37.00 143.00 180.00 OK
r-patched-linux-x86_64 1.4.0 12.17 115.32 127.49 OK
r-patched-solaris-x86 1.4.0 231.50 OK
r-release-linux-x86_64 1.4.0 11.00 115.15 126.15 OK
r-release-macos-x86_64 1.4.0 OK
r-release-windows-ix86+x86_64 1.4.0 34.00 203.00 237.00 OK
r-oldrel-macos-x86_64 1.4.0 OK
r-oldrel-windows-ix86+x86_64 1.4.0 18.00 128.00 146.00 OK

Check Details

Version: 1.4.0
Check: package dependencies
Result: ERROR
    Packages required but not available: 'plotly', 'tidyr'
    
    Packages suggested but not available for checking: 'broom', 'tidyverse'
    
    See section 'The DESCRIPTION file' in the 'Writing R Extensions'
    manual.
Flavor: r-devel-linux-x86_64-debian-clang