CRAN Package Check Results for Package edina

Last updated on 2023-12-07 16:49:30 CET.

Flavor Version Tinstall Tcheck Ttotal Status Flags
r-devel-linux-x86_64-debian-clang 0.1.1 40.16 56.85 97.01 NOTE
r-devel-linux-x86_64-debian-gcc 0.1.1 29.59 42.92 72.51 NOTE
r-devel-linux-x86_64-fedora-clang 0.1.1 146.25 NOTE
r-devel-linux-x86_64-fedora-gcc 0.1.1 139.00 NOTE
r-devel-windows-x86_64 0.1.1 37.00 83.00 120.00 NOTE
r-patched-linux-x86_64 0.1.1 34.44 55.32 89.76 NOTE
r-release-linux-x86_64 0.1.1 36.15 54.62 90.77 NOTE
r-release-macos-arm64 0.1.1 39.00 NOTE
r-release-macos-x86_64 0.1.1 63.00 NOTE
r-release-windows-x86_64 0.1.1 44.00 97.00 141.00 NOTE
r-oldrel-macos-arm64 0.1.1 40.00 NOTE
r-oldrel-macos-x86_64 0.1.1 65.00 NOTE
r-oldrel-windows-x86_64 0.1.1 45.00 101.00 146.00 NOTE

Check Details

Version: 0.1.1
Check: C++ specification
Result: NOTE Specified C++11: please drop specification unless essential Flavors: r-devel-linux-x86_64-debian-clang, r-devel-linux-x86_64-debian-gcc, r-devel-linux-x86_64-fedora-clang, r-devel-linux-x86_64-fedora-gcc, r-devel-windows-x86_64, r-patched-linux-x86_64, r-release-linux-x86_64, r-release-macos-arm64, r-release-macos-x86_64, r-release-windows-x86_64

Version: 0.1.1
Check: LazyData
Result: NOTE 'LazyData' is specified without a 'data' directory Flavors: r-devel-linux-x86_64-debian-clang, r-devel-linux-x86_64-debian-gcc, r-devel-linux-x86_64-fedora-clang, r-devel-linux-x86_64-fedora-gcc, r-devel-windows-x86_64, r-patched-linux-x86_64, r-release-linux-x86_64, r-release-macos-arm64, r-release-macos-x86_64, r-release-windows-x86_64, r-oldrel-macos-arm64, r-oldrel-macos-x86_64, r-oldrel-windows-x86_64