CRAN Package Check Results for Package edgeRun

Last updated on 2020-08-08 15:46:45 CEST.

Flavor Version Tinstall Tcheck Ttotal Status Flags
r-devel-linux-x86_64-debian-clang 1.0.9 4.88 46.66 51.54 NOTE
r-devel-linux-x86_64-debian-gcc 1.0.9 3.43 37.49 40.92 NOTE
r-devel-linux-x86_64-fedora-clang 1.0.9 63.93 NOTE
r-devel-linux-x86_64-fedora-gcc 1.0.9 55.68 NOTE
r-devel-windows-ix86+x86_64 1.0.9 16.00 70.00 86.00 NOTE
r-patched-linux-x86_64 1.0.9 4.69 42.34 47.03 NOTE
r-patched-solaris-x86 1.0.9 80.10 NOTE
r-release-linux-x86_64 1.0.9 4.73 44.76 49.49 NOTE
r-release-macos-x86_64 1.0.9 NOTE
r-release-windows-ix86+x86_64 1.0.9 13.00 74.00 87.00 NOTE
r-oldrel-macos-x86_64 1.0.9 WARN
r-oldrel-windows-ix86+x86_64 1.0.9 8.00 49.00 57.00 NOTE

Check Details

Version: 1.0.9
Check: R code for possible problems
Result: NOTE
    UCexactTest: no visible global function definition for 'is'
    UCexactTest: no visible global function definition for 'new'
    pvalue: no visible global function definition for 'dnbinom'
    pvalue: no visible global function definition for 'pnbinom'
    sup.mu: no visible global function definition for 'predict'
    Undefined global functions or variables:
     dnbinom is new pnbinom predict
    Consider adding
     importFrom("methods", "is", "new")
     importFrom("stats", "dnbinom", "pnbinom", "predict")
    to your NAMESPACE file (and ensure that your DESCRIPTION Imports field
    contains 'methods').
Flavors: r-devel-linux-x86_64-debian-clang, r-devel-linux-x86_64-debian-gcc, r-devel-linux-x86_64-fedora-clang, r-devel-linux-x86_64-fedora-gcc, r-devel-windows-ix86+x86_64, r-patched-linux-x86_64, r-patched-solaris-x86, r-release-linux-x86_64, r-release-macos-x86_64, r-release-windows-ix86+x86_64, r-oldrel-macos-x86_64, r-oldrel-windows-ix86+x86_64

Version: 1.0.9
Check: whether package can be installed
Result: WARN
    Found the following significant warnings:
     Warning: package ‘edgeR’ was built under R version 3.6.1
Flavor: r-oldrel-macos-x86_64