Last updated on 2023-12-10 16:51:11 CET.
Flavor | Version | Tinstall | Tcheck | Ttotal | Status | Flags |
---|---|---|---|---|---|---|
r-devel-linux-x86_64-debian-clang | 1.2.1 | 4.06 | 50.56 | 54.62 | NOTE | |
r-devel-linux-x86_64-debian-gcc | 1.2.1 | 3.43 | 38.09 | 41.52 | NOTE | |
r-devel-linux-x86_64-fedora-clang | 1.2.1 | 68.30 | NOTE | |||
r-devel-linux-x86_64-fedora-gcc | 1.2.1 | 78.25 | NOTE | |||
r-devel-windows-x86_64 | 1.2.1 | 5.00 | 57.00 | 62.00 | NOTE | |
r-patched-linux-x86_64 | 1.2.1 | 4.63 | 49.07 | 53.70 | NOTE | |
r-release-linux-x86_64 | 1.2.1 | 3.42 | 48.47 | 51.89 | NOTE | |
r-release-macos-arm64 | 1.2.1 | 29.00 | NOTE | |||
r-release-macos-x86_64 | 1.2.1 | 46.00 | NOTE | |||
r-release-windows-x86_64 | 1.2.1 | 5.00 | 63.00 | 68.00 | NOTE | |
r-oldrel-macos-arm64 | 1.2.1 | 23.00 | NOTE | |||
r-oldrel-macos-x86_64 | 1.2.1 | 34.00 | NOTE | |||
r-oldrel-windows-x86_64 | 1.2.1 | 6.00 | 65.00 | 71.00 | NOTE |
Version: 1.2.1
Check: LazyData
Result: NOTE
'LazyData' is specified without a 'data' directory
Flavors: r-devel-linux-x86_64-debian-clang, r-devel-linux-x86_64-debian-gcc, r-devel-linux-x86_64-fedora-clang, r-devel-linux-x86_64-fedora-gcc, r-devel-windows-x86_64, r-patched-linux-x86_64, r-release-linux-x86_64, r-release-macos-arm64, r-release-macos-x86_64, r-release-windows-x86_64, r-oldrel-macos-arm64, r-oldrel-macos-x86_64, r-oldrel-windows-x86_64