CRAN Package Check Results for Package eda4treeR

Last updated on 2020-08-11 03:47:47 CEST.

Flavor Version Tinstall Tcheck Ttotal Status Flags
r-devel-linux-x86_64-debian-clang 0.3.0 15.06 130.92 145.98 OK
r-devel-linux-x86_64-debian-gcc 0.3.0 12.26 96.75 109.01 OK
r-devel-linux-x86_64-fedora-clang 0.3.0 180.57 NOTE
r-devel-linux-x86_64-fedora-gcc 0.3.0 165.80 NOTE
r-devel-windows-ix86+x86_64 0.3.0 38.00 195.00 233.00 OK
r-patched-linux-x86_64 0.3.0 13.97 123.31 137.28 OK
r-patched-solaris-x86 0.3.0 253.40 NOTE
r-release-linux-x86_64 0.3.0 13.49 123.95 137.44 OK
r-release-macos-x86_64 0.3.0 NOTE
r-release-windows-ix86+x86_64 0.3.0 54.00 208.00 262.00 OK
r-oldrel-macos-x86_64 0.3.0 NOTE
r-oldrel-windows-ix86+x86_64 0.3.0 20.00 133.00 153.00 OK

Check Details

Version: 0.3.0
Check: dependencies in R code
Result: NOTE
    Namespaces in Imports field not imported from:
     ‘dae’ ‘dplyr’
     All declared Imports should be used.
Flavors: r-devel-linux-x86_64-fedora-clang, r-devel-linux-x86_64-fedora-gcc, r-patched-solaris-x86, r-release-macos-x86_64, r-oldrel-macos-x86_64