Last updated on 2023-11-28 04:57:16 CET.
Flavor | Version | Tinstall | Tcheck | Ttotal | Status | Flags |
---|---|---|---|---|---|---|
r-devel-linux-x86_64-debian-clang | 0.1.3 | 50.31 | 437.81 | 488.12 | OK | |
r-devel-linux-x86_64-debian-gcc | 0.1.3 | 34.79 | 318.85 | 353.64 | OK | |
r-devel-linux-x86_64-fedora-clang | 0.1.3 | 588.11 | NOTE | |||
r-devel-linux-x86_64-fedora-gcc | 0.1.3 | 580.21 | NOTE | |||
r-devel-windows-x86_64 | 0.1.3 | 38.00 | 281.00 | 319.00 | OK | |
r-patched-linux-x86_64 | 0.1.3 | 41.44 | 413.59 | 455.03 | OK | |
r-release-linux-x86_64 | 0.1.3 | 32.58 | 412.08 | 444.66 | OK | |
r-release-macos-arm64 | 0.1.3 | 130.00 | OK | |||
r-release-macos-x86_64 | 0.1.3 | 364.00 | OK | |||
r-release-windows-x86_64 | 0.1.3 | 52.00 | 390.00 | 442.00 | OK | |
r-oldrel-macos-arm64 | 0.1.3 | 124.00 | OK | |||
r-oldrel-macos-x86_64 | 0.1.3 | 178.00 | OK | |||
r-oldrel-windows-x86_64 | 0.1.3 | 54.00 | 370.00 | 424.00 | OK |
Version: 0.1.3
Check: data for non-ASCII characters
Result: NOTE
Note: found 1281 marked UTF-8 strings
Flavors: r-devel-linux-x86_64-fedora-clang, r-devel-linux-x86_64-fedora-gcc