CRAN Package Check Results for Package ebreg

Last updated on 2020-06-06 03:48:26 CEST.

Flavor Version Tinstall Tcheck Ttotal Status Flags
r-devel-linux-x86_64-debian-clang 0.1.2 2.55 58.93 61.48 OK
r-devel-linux-x86_64-debian-gcc 0.1.2 1.85 48.19 50.04 OK
r-devel-linux-x86_64-fedora-clang 0.1.2 83.73 NOTE
r-devel-linux-x86_64-fedora-gcc 0.1.2 78.82 NOTE
r-devel-windows-ix86+x86_64 0.1.2 7.00 72.00 79.00 OK
r-patched-linux-x86_64 0.1.2 2.50 58.46 60.96 OK
r-patched-solaris-x86 0.1.2 140.10 NOTE
r-release-linux-x86_64 0.1.2 2.05 60.40 62.45 OK
r-release-osx-x86_64 0.1.2 NOTE
r-release-windows-ix86+x86_64 0.1.2 6.00 88.00 94.00 OK
r-oldrel-osx-x86_64 0.1.2 NOTE
r-oldrel-windows-ix86+x86_64 0.1.2 6.00 62.00 68.00 OK

Check Details

Version: 0.1.2
Check: dependencies in R code
Result: NOTE
    Namespace in Imports field not imported from: ‘Rdpack’
     All declared Imports should be used.
Flavors: r-devel-linux-x86_64-fedora-clang, r-devel-linux-x86_64-fedora-gcc, r-patched-solaris-x86, r-release-osx-x86_64, r-oldrel-osx-x86_64