CRAN Package Check Results for Package earth

Last updated on 2020-07-10 03:47:16 CEST.

Flavor Version Tinstall Tcheck Ttotal Status Flags
r-devel-linux-x86_64-debian-clang 5.1.2 19.15 86.68 105.83 OK
r-devel-linux-x86_64-debian-gcc 5.1.2 14.82 63.26 78.08 OK
r-devel-linux-x86_64-fedora-clang 5.1.2 135.43 NOTE
r-devel-linux-x86_64-fedora-gcc 5.1.2 120.22 OK
r-devel-windows-ix86+x86_64 5.1.2 38.00 101.00 139.00 OK
r-patched-linux-x86_64 5.1.2 17.39 85.17 102.56 OK
r-patched-solaris-x86 5.1.2 144.90 OK
r-release-linux-x86_64 5.1.2 18.58 84.62 103.20 OK
r-release-osx-x86_64 5.1.2 OK
r-release-windows-ix86+x86_64 5.1.2 30.00 101.00 131.00 OK
r-oldrel-osx-x86_64 5.1.2 OK
r-oldrel-windows-ix86+x86_64 5.1.2 40.00 94.00 134.00 OK

Check Details

Version: 5.1.2
Check: Rd cross-references
Result: NOTE
    Undeclared package ‘leaps’ in Rd xrefs
Flavor: r-devel-linux-x86_64-fedora-clang