Last updated on 2023-12-09 16:49:17 CET.
Flavor | Version | Tinstall | Tcheck | Ttotal | Status | Flags |
---|---|---|---|---|---|---|
r-devel-linux-x86_64-debian-clang | 0.4.2 | 10.44 | 96.17 | 106.61 | NOTE | |
r-devel-linux-x86_64-debian-gcc | 0.4.2 | 9.62 | 68.97 | 78.59 | NOTE | |
r-devel-linux-x86_64-fedora-clang | 0.4.2 | 133.38 | OK | |||
r-devel-linux-x86_64-fedora-gcc | 0.4.2 | 123.29 | OK | |||
r-devel-windows-x86_64 | 0.4.2 | 11.00 | 96.00 | 107.00 | OK | |
r-patched-linux-x86_64 | 0.4.2 | 9.00 | 92.68 | 101.68 | OK | |
r-release-linux-x86_64 | 0.4.2 | 12.32 | 91.70 | 104.02 | OK | |
r-release-macos-arm64 | 0.4.2 | 41.00 | OK | |||
r-release-macos-x86_64 | 0.4.2 | 64.00 | OK | |||
r-release-windows-x86_64 | 0.4.2 | 14.00 | 107.00 | 121.00 | OK | |
r-oldrel-macos-arm64 | 0.4.2 | 45.00 | OK | |||
r-oldrel-macos-x86_64 | 0.4.2 | 57.00 | OK | |||
r-oldrel-windows-x86_64 | 0.4.2 | 14.00 | 114.00 | 128.00 | OK |
Version: 0.4.2
Check: Rd files
Result: NOTE
checkRd: (-1) USA_state_N.Rd:10: Lost braces in \itemize; meant \describe ?
checkRd: (-1) USA_state_N.Rd:11: Lost braces in \itemize; meant \describe ?
checkRd: (-1) confirmed.Rd:10: Lost braces in \itemize; meant \describe ?
checkRd: (-1) confirmed.Rd:11: Lost braces in \itemize; meant \describe ?
checkRd: (-1) death.Rd:10: Lost braces in \itemize; meant \describe ?
checkRd: (-1) death.Rd:11: Lost braces in \itemize; meant \describe ?
checkRd: (-1) recovered.Rd:10: Lost braces in \itemize; meant \describe ?
checkRd: (-1) recovered.Rd:11: Lost braces in \itemize; meant \describe ?
Flavors: r-devel-linux-x86_64-debian-clang, r-devel-linux-x86_64-debian-gcc