CRAN Package Check Results for Package dynfeature

Last updated on 2022-10-03 04:59:26 CEST.

Flavor Version Tinstall Tcheck Ttotal Status Flags
r-devel-linux-x86_64-debian-clang 1.0.0 13.19 335.31 348.50 OK
r-devel-linux-x86_64-debian-gcc 1.0.0 9.45 225.88 235.33 OK
r-devel-linux-x86_64-fedora-clang 1.0.0 412.98 NOTE
r-devel-linux-x86_64-fedora-gcc 1.0.0 367.44 NOTE
r-devel-windows-x86_64 1.0.0 18.00 312.00 330.00 OK
r-patched-linux-x86_64 1.0.0 12.86 293.29 306.15 OK
r-release-linux-x86_64 1.0.0 9.92 286.60 296.52 OK
r-release-macos-arm64 1.0.0 119.00 NOTE
r-release-macos-x86_64 1.0.0 181.00 NOTE
r-release-windows-x86_64 1.0.0 25.00 308.00 333.00 OK
r-oldrel-macos-arm64 1.0.0 146.00 NOTE
r-oldrel-macos-x86_64 1.0.0 147.00 NOTE
r-oldrel-windows-ix86+x86_64 1.0.0 29.00 310.00 339.00 OK

Check Details

Version: 1.0.0
Check: dependencies in R code
Result: NOTE
    Namespace in Imports field not imported from: ‘magrittr’
     All declared Imports should be used.
Flavors: r-devel-linux-x86_64-fedora-clang, r-devel-linux-x86_64-fedora-gcc, r-release-macos-arm64, r-release-macos-x86_64, r-oldrel-macos-arm64, r-oldrel-macos-x86_64