CRAN Package Check Results for Package dyndimred

Last updated on 2020-07-12 15:48:56 CEST.

Flavor Version Tinstall Tcheck Ttotal Status Flags
r-devel-linux-x86_64-debian-clang 1.0.3 8.08 132.39 140.47 OK
r-devel-linux-x86_64-debian-gcc 1.0.3 8.12 101.04 109.16 OK
r-devel-linux-x86_64-fedora-clang 1.0.3 178.31 OK
r-devel-linux-x86_64-fedora-gcc 1.0.3 168.41 OK
r-devel-windows-ix86+x86_64 1.0.3 15.00 182.00 197.00 OK
r-patched-linux-x86_64 1.0.3 7.62 127.79 135.41 OK
r-patched-solaris-x86 1.0.3 278.00 OK
r-release-linux-x86_64 1.0.3 9.12 128.84 137.96 OK
r-release-macos-x86_64 1.0.3 ERROR
r-release-windows-ix86+x86_64 1.0.3 26.00 149.00 175.00 OK
r-oldrel-macos-x86_64 1.0.3 ERROR
r-oldrel-windows-ix86+x86_64 1.0.3 24.00 137.00 161.00 OK

Check Details

Version: 1.0.3
Check: package dependencies
Result: NOTE
    Package suggested but not available for checking: ‘destiny’
Flavor: r-release-macos-x86_64

Version: 1.0.3
Check: tests
Result: ERROR
     Running ‘testthat.R’ [19s/24s]
    Running the tests in ‘tests/testthat.R’ failed.
    Last 13 lines of output:
    
     ── 2. Error: Perform dimred dm_destiny ────────────────────────────────────────
     Please install the following packages:
     "destiny"
     Backtrace:
     1. dyndimred:::method_fun(small_expr)
     2. dynutils::install_packages("destiny")
    
     ══ testthat results ═══════════════════════════════════════════════════════════
     [ OK: 191 | SKIPPED: 0 | WARNINGS: 5 | FAILED: 2 ]
     1. Error: Perform dimred dm_destiny
     2. Error: Perform dimred dm_destiny
    
     Error: testthat unit tests failed
     Execution halted
Flavor: r-release-macos-x86_64

Version: 1.0.3
Check: tests
Result: ERROR
     Running ‘testthat.R’ [36s/35s]
    Running the tests in ‘tests/testthat.R’ failed.
    Last 13 lines of output:
    
     ── 2. Error: Perform dimred dm_destiny ────────────────────────────────────────
     Please install the following packages:
     "destiny"
     Backtrace:
     1. dyndimred:::method_fun(small_expr)
     2. dynutils::install_packages("destiny")
    
     ══ testthat results ═══════════════════════════════════════════════════════════
     [ OK: 191 | SKIPPED: 0 | WARNINGS: 5 | FAILED: 2 ]
     1. Error: Perform dimred dm_destiny
     2. Error: Perform dimred dm_destiny
    
     Error: testthat unit tests failed
     Execution halted
Flavor: r-oldrel-macos-x86_64