Last updated on 2023-12-09 04:50:49 CET.
Flavor | Version | Tinstall | Tcheck | Ttotal | Status | Flags |
---|---|---|---|---|---|---|
r-devel-linux-x86_64-debian-clang | 2.1.2 | 41.37 | 446.58 | 487.95 | NOTE | |
r-devel-linux-x86_64-debian-gcc | 2.1.2 | 34.80 | 331.93 | 366.73 | NOTE | |
r-devel-linux-x86_64-fedora-clang | 2.1.2 | 646.76 | NOTE | |||
r-devel-linux-x86_64-fedora-gcc | 2.1.2 | 638.31 | NOTE | |||
r-devel-windows-x86_64 | 2.1.2 | 36.00 | 400.00 | 436.00 | OK | |
r-patched-linux-x86_64 | 2.1.2 | 41.60 | 419.62 | 461.22 | NOTE | |
r-release-linux-x86_64 | 2.1.2 | 35.53 | 431.62 | 467.15 | NOTE | |
r-release-macos-arm64 | 2.1.2 | 222.00 | OK | |||
r-release-macos-x86_64 | 2.1.2 | 369.00 | OK | |||
r-release-windows-x86_64 | 2.1.2 | 46.00 | 539.00 | 585.00 | OK | |
r-oldrel-macos-arm64 | 2.1.2 | 199.00 | OK | |||
r-oldrel-macos-x86_64 | 2.1.2 | 226.00 | OK | |||
r-oldrel-windows-x86_64 | 2.1.2 | 46.00 | 513.00 | 559.00 | OK |
Version: 2.1.2
Check: package dependencies
Result: NOTE
Package suggested but not available for checking: ‘rgdal’
Flavors: r-devel-linux-x86_64-debian-clang, r-devel-linux-x86_64-debian-gcc, r-devel-linux-x86_64-fedora-clang, r-devel-linux-x86_64-fedora-gcc, r-patched-linux-x86_64, r-release-linux-x86_64