CRAN Package Check Results for Package dwp

Last updated on 2024-03-01 16:49:18 CET.

Flavor Version Tinstall Tcheck Ttotal Status Flags
r-devel-linux-x86_64-debian-clang 1.1 6.50 56.87 63.37 OK
r-devel-linux-x86_64-debian-gcc 1.1 7.25 42.46 49.71 OK
r-devel-linux-x86_64-fedora-clang 1.1 80.17 NOTE
r-devel-linux-x86_64-fedora-gcc 1.1 81.38 NOTE
r-devel-windows-x86_64 1.1 8.00 67.00 75.00 OK
r-patched-linux-x86_64 1.1 11.43 56.34 67.77 OK
r-release-linux-x86_64 1.1 5.79 56.26 62.05 OK
r-release-macos-arm64 1.1 24.00 OK
r-release-macos-x86_64 1.1 55.00 OK
r-release-windows-x86_64 1.1 13.00 76.00 89.00 OK
r-oldrel-macos-arm64 1.1 26.00 OK
r-oldrel-windows-x86_64 1.1 12.00 66.00 78.00 OK

Check Details

Version: 1.1
Check: dependencies in R code
Result: NOTE Namespaces in Imports field not imported from: ‘GenEst’ ‘expint’ ‘numDeriv’ All declared Imports should be used. Flavors: r-devel-linux-x86_64-fedora-clang, r-devel-linux-x86_64-fedora-gcc