Last updated on 2023-12-08 05:02:02 CET.
Flavor | Version | Tinstall | Tcheck | Ttotal | Status | Flags |
---|---|---|---|---|---|---|
r-devel-linux-x86_64-debian-clang | 0.9.2-1 | 3021.10 | 102.56 | 3123.66 | OK | |
r-devel-linux-x86_64-debian-gcc | 0.9.2-1 | 2306.13 | 77.00 | 2383.13 | OK | |
r-devel-linux-x86_64-fedora-clang | 0.9.2-1 | 3962.04 | NOTE | |||
r-devel-linux-x86_64-fedora-gcc | 0.9.2-1 | 5075.76 | OK | |||
r-devel-windows-x86_64 | 0.9.2-1 | 2146.00 | 325.00 | 2471.00 | NOTE | |
r-patched-linux-x86_64 | 0.9.2-1 | 2756.78 | 101.80 | 2858.58 | OK | |
r-release-linux-x86_64 | 0.9.2-1 | 2726.76 | 100.76 | 2827.52 | OK | |
r-release-macos-arm64 | 0.9.2-1 | 916.00 | NOTE | |||
r-release-macos-x86_64 | 0.9.2-1 | 615.00 | NOTE | |||
r-release-windows-x86_64 | 0.9.2-1 | 2222.00 | 421.00 | 2643.00 | NOTE | |
r-oldrel-macos-arm64 | 0.9.2-1 | 869.00 | NOTE | |||
r-oldrel-macos-x86_64 | 0.9.1 | 1630.00 | NOTE | |||
r-oldrel-windows-x86_64 | 0.9.2-1 | 2784.00 | 368.00 | 3152.00 | NOTE |
Version: 0.9.2-1
Check: installed package size
Result: NOTE
installed size is 39.2Mb
sub-directories of 1Mb or more:
libs 38.5Mb
Flavors: r-devel-linux-x86_64-fedora-clang, r-devel-windows-x86_64, r-release-macos-arm64, r-release-macos-x86_64, r-release-windows-x86_64, r-oldrel-macos-arm64, r-oldrel-windows-x86_64
Version: 0.9.1
Check: installed package size
Result: NOTE
installed size is 330.6Mb
sub-directories of 1Mb or more:
libs 330.0Mb
Flavor: r-oldrel-macos-x86_64