CRAN Package Check Results for Package duawranglr

Last updated on 2020-08-09 15:47:41 CEST.

Flavor Version Tinstall Tcheck Ttotal Status Flags
r-devel-linux-x86_64-debian-clang 0.6.5 2.73 32.23 34.96 OK
r-devel-linux-x86_64-debian-gcc 0.6.5 2.28 24.15 26.43 OK
r-devel-linux-x86_64-fedora-clang 0.6.5 49.16 NOTE
r-devel-linux-x86_64-fedora-gcc 0.6.5 40.33 NOTE
r-devel-windows-ix86+x86_64 0.6.5 7.00 64.00 71.00 OK
r-patched-linux-x86_64 0.6.5 2.93 31.02 33.95 OK
r-patched-solaris-x86 0.6.5 59.90 NOTE
r-release-linux-x86_64 0.6.5 2.72 31.19 33.91 OK
r-release-macos-x86_64 0.6.5 NOTE
r-release-windows-ix86+x86_64 0.6.5 11.00 59.00 70.00 OK
r-oldrel-macos-x86_64 0.6.5 NOTE
r-oldrel-windows-ix86+x86_64 0.6.5 6.00 44.00 50.00 OK

Check Details

Version: 0.6.5
Check: dependencies in R code
Result: NOTE
    Namespaces in Imports field not imported from:
     ‘digest’ ‘dplyr’
     All declared Imports should be used.
Flavors: r-devel-linux-x86_64-fedora-clang, r-devel-linux-x86_64-fedora-gcc, r-patched-solaris-x86, r-release-macos-x86_64, r-oldrel-macos-x86_64