Last updated on 2023-11-28 16:48:16 CET.
Flavor | Version | Tinstall | Tcheck | Ttotal | Status | Flags |
---|---|---|---|---|---|---|
r-devel-linux-x86_64-debian-clang | 1.5.4 | 44.40 | 121.13 | 165.53 | NOTE | |
r-devel-linux-x86_64-debian-gcc | 1.5.4 | 26.84 | 91.34 | 118.18 | NOTE | |
r-devel-linux-x86_64-fedora-clang | 1.5.4 | 209.56 | OK | |||
r-devel-linux-x86_64-fedora-gcc | 1.5.4 | 192.75 | OK | |||
r-devel-windows-x86_64 | 1.5.4 | 39.00 | 117.00 | 156.00 | OK | |
r-patched-linux-x86_64 | 1.5.4 | 25.30 | 116.47 | 141.77 | OK | |
r-release-linux-x86_64 | 1.5.4 | 25.64 | 117.11 | 142.75 | OK | |
r-release-macos-arm64 | 1.5.4 | 64.00 | OK | |||
r-release-macos-x86_64 | 1.5.4 | 104.00 | OK | |||
r-release-windows-x86_64 | 1.5.4 | 50.00 | 151.00 | 201.00 | OK | |
r-oldrel-macos-arm64 | 1.5.4 | 61.00 | OK | |||
r-oldrel-macos-x86_64 | 1.5.4 | 75.00 | OK | |||
r-oldrel-windows-x86_64 | 1.5.4 | 47.00 | 145.00 | 192.00 | OK |
Version: 1.5.4
Check: Rd files
Result: NOTE
checkRd: (-1) extract-methods.Rd:105: Lost braces
105 | argument \code{what}. For code{"["} the cutted object.
| ^
Flavors: r-devel-linux-x86_64-debian-clang, r-devel-linux-x86_64-debian-gcc