CRAN Package Check Results for Package dsfa

Last updated on 2024-02-24 16:48:18 CET.

Flavor Version Tinstall Tcheck Ttotal Status Flags
r-devel-linux-x86_64-debian-clang 2.0.2 311.01 58.12 369.13 OK
r-devel-linux-x86_64-debian-gcc 2.0.2 307.32 46.61 353.93 OK
r-devel-linux-x86_64-fedora-clang 2.0.2 454.63 OK
r-devel-linux-x86_64-fedora-gcc 2.0.2 714.18 OK
r-devel-windows-x86_64 2.0.2 220.00 97.00 317.00 OK
r-patched-linux-x86_64 2.0.2 297.87 56.73 354.60 OK
r-release-linux-x86_64 2.0.2 0.01 1.89 1.90 ERROR
r-release-macos-arm64 2.0.2 123.00 NOTE
r-release-macos-x86_64 2.0.2 160.00 NOTE
r-release-windows-x86_64 2.0.2 291.00 115.00 406.00 OK
r-oldrel-macos-arm64 2.0.2 138.00 NOTE
r-oldrel-windows-x86_64 2.0.2 280.00 103.00 383.00 OK

Check Details

Version: 2.0.2
Check: whether package can be installed
Result: ERROR Installation failed. Flavor: r-release-linux-x86_64

Version: 2.0.2
Check: installed package size
Result: NOTE installed size is 65.8Mb sub-directories of 1Mb or more: data 1.3Mb libs 64.2Mb Flavors: r-release-macos-arm64, r-release-macos-x86_64, r-oldrel-macos-arm64