CRAN Package Check Results for Package drugprepr

Last updated on 2024-02-26 16:56:22 CET.

Flavor Version Tinstall Tcheck Ttotal Status Flags
r-devel-linux-x86_64-debian-clang 0.0.4 14.59 136.34 150.93 OK
r-devel-linux-x86_64-debian-gcc 0.0.4 10.65 102.50 113.15 OK
r-devel-linux-x86_64-fedora-clang 0.0.4 181.91 NOTE
r-devel-linux-x86_64-fedora-gcc 0.0.4 186.05 OK
r-devel-windows-x86_64 0.0.4 13.00 121.00 134.00 OK
r-patched-linux-x86_64 0.0.4 9.14 131.33 140.47 OK
r-release-linux-x86_64 0.0.4 11.05 130.76 141.81 OK
r-release-macos-arm64 0.0.4 62.00 OK
r-release-macos-x86_64 0.0.4 105.00 OK
r-release-windows-x86_64 0.0.4 16.00 148.00 164.00 OK
r-oldrel-macos-arm64 0.0.4 47.00 OK
r-oldrel-windows-x86_64 0.0.4 17.00 148.00 165.00 OK

Check Details

Version: 0.0.4
Check: Rd cross-references
Result: NOTE Undeclared package ‘data.table’ in Rd xrefs Flavor: r-devel-linux-x86_64-fedora-clang