Last updated on 2023-12-07 04:56:21 CET.
Flavor | Version | Tinstall | Tcheck | Ttotal | Status | Flags |
---|---|---|---|---|---|---|
r-devel-linux-x86_64-debian-clang | 0.0.3 | 14.21 | 256.65 | 270.86 | NOTE | |
r-devel-linux-x86_64-debian-gcc | 0.0.3 | 11.38 | 186.68 | 198.06 | NOTE | |
r-devel-linux-x86_64-fedora-clang | 0.0.3 | 288.59 | OK | |||
r-devel-linux-x86_64-fedora-gcc | 0.0.3 | 342.19 | OK | |||
r-devel-windows-x86_64 | 0.0.3 | 12.00 | 206.00 | 218.00 | OK | |
r-patched-linux-x86_64 | 0.0.3 | 10.60 | 237.56 | 248.16 | OK | |
r-release-linux-x86_64 | 0.0.3 | 11.77 | 244.07 | 255.84 | OK | |
r-release-macos-arm64 | 0.0.3 | 88.00 | OK | |||
r-release-macos-x86_64 | 0.0.3 | 166.00 | OK | |||
r-release-windows-x86_64 | 0.0.3 | 16.00 | 204.00 | 220.00 | OK | |
r-oldrel-macos-arm64 | 0.0.3 | 66.00 | OK | |||
r-oldrel-macos-x86_64 | 0.0.3 | 164.00 | OK | |||
r-oldrel-windows-x86_64 | 0.0.3 | 17.00 | 232.00 | 249.00 | OK |
Version: 0.0.3
Check: Rd files
Result: NOTE
checkRd: (-1) popsize.Rd:70: Lost braces in \itemize; \value handles \item{}{} directly
checkRd: (-1) popsize.Rd:71: Lost braces in \itemize; \value handles \item{}{} directly
checkRd: (-1) popsize.Rd:72: Lost braces in \itemize; \value handles \item{}{} directly
checkRd: (-1) popsize.Rd:73: Lost braces in \itemize; \value handles \item{}{} directly
checkRd: (-1) popsize.Rd:74: Lost braces in \itemize; \value handles \item{}{} directly
checkRd: (-1) popsize.Rd:75: Lost braces in \itemize; \value handles \item{}{} directly
checkRd: (-1) popsize_cond.Rd:52: Lost braces in \itemize; \value handles \item{}{} directly
checkRd: (-1) popsize_cond.Rd:53: Lost braces in \itemize; \value handles \item{}{} directly
checkRd: (-1) popsize_cond.Rd:54: Lost braces in \itemize; \value handles \item{}{} directly
checkRd: (-1) popsize_cond.Rd:55: Lost braces in \itemize; \value handles \item{}{} directly
checkRd: (-1) popsize_cond.Rd:56: Lost braces in \itemize; \value handles \item{}{} directly
checkRd: (-1) popsize_cond.Rd:57: Lost braces in \itemize; \value handles \item{}{} directly
Flavors: r-devel-linux-x86_64-debian-clang, r-devel-linux-x86_64-debian-gcc