CRAN Package Check Results for Package drape

Last updated on 2024-03-01 16:49:18 CET.

Flavor Version Tinstall Tcheck Ttotal Status Flags
r-devel-linux-x86_64-debian-clang 0.0.1 2.37 60.52 62.89 NOTE
r-devel-linux-x86_64-debian-gcc 0.0.1 2.57 48.26 50.83 NOTE
r-devel-linux-x86_64-fedora-clang 0.0.1 88.42 NOTE
r-devel-linux-x86_64-fedora-gcc 0.0.1 109.08 NOTE
r-devel-windows-x86_64 0.0.1 5.00 69.00 74.00 OK
r-patched-linux-x86_64 0.0.1 3.38 61.68 65.06 OK
r-release-linux-x86_64 0.0.1 3.31 69.19 72.50 OK
r-release-macos-arm64 0.0.1 48.00 OK
r-release-macos-x86_64 0.0.1 118.00 OK
r-release-windows-x86_64 0.0.1 5.00 79.00 84.00 OK
r-oldrel-macos-arm64 0.0.1 38.00 OK
r-oldrel-windows-x86_64 0.0.1 5.00 76.00 81.00 OK

Check Details

Version: 0.0.1
Check: Rd files
Result: NOTE checkRd: (-1) simulate_data.Rd:27: Lost braces; missing escapes or markup? 27 | Z ~ N_{9}(0,Sigma), | ^ checkRd: (-1) simulate_data.Rd:28: Lost braces; missing escapes or markup? 28 | where Sigma_{jj} = 1, Sigma_{jk} = corr for all j not equal to k. | ^ checkRd: (-1) simulate_data.Rd:28: Lost braces; missing escapes or markup? 28 | where Sigma_{jj} = 1, Sigma_{jk} = corr for all j not equal to k. | ^ checkRd: (-1) z_correlated_normal.Rd:5: Lost braces; missing escapes or markup? 5 | \title{Generate n copies of Z ~ N_{p}(0,Sigma), where Sigma_{jj} = 1, Sigma_{jk} = corr for all j not equal to k.} | ^ checkRd: (-1) z_correlated_normal.Rd:5: Lost braces; missing escapes or markup? 5 | \title{Generate n copies of Z ~ N_{p}(0,Sigma), where Sigma_{jj} = 1, Sigma_{jk} = corr for all j not equal to k.} | ^ checkRd: (-1) z_correlated_normal.Rd:5: Lost braces; missing escapes or markup? 5 | \title{Generate n copies of Z ~ N_{p}(0,Sigma), where Sigma_{jj} = 1, Sigma_{jk} = corr for all j not equal to k.} | ^ checkRd: (-1) z_correlated_normal.Rd:20: Lost braces; missing escapes or markup? 20 | Generate n copies of Z ~ N_{p}(0,Sigma), where Sigma_{jj} = 1, Sigma_{jk} = corr for all j not equal to k. | ^ checkRd: (-1) z_correlated_normal.Rd:20: Lost braces; missing escapes or markup? 20 | Generate n copies of Z ~ N_{p}(0,Sigma), where Sigma_{jj} = 1, Sigma_{jk} = corr for all j not equal to k. | ^ checkRd: (-1) z_correlated_normal.Rd:20: Lost braces; missing escapes or markup? 20 | Generate n copies of Z ~ N_{p}(0,Sigma), where Sigma_{jj} = 1, Sigma_{jk} = corr for all j not equal to k. | ^ Flavors: r-devel-linux-x86_64-debian-clang, r-devel-linux-x86_64-debian-gcc, r-devel-linux-x86_64-fedora-clang, r-devel-linux-x86_64-fedora-gcc