CRAN Package Check Results for Package dplyr

Last updated on 2020-07-12 03:48:44 CEST.

Flavor Version Tinstall Tcheck Ttotal Status Flags
r-devel-linux-x86_64-debian-clang 1.0.0 19.71 164.80 184.51 OK
r-devel-linux-x86_64-debian-gcc 1.0.0 13.35 122.16 135.51 OK
r-devel-linux-x86_64-fedora-clang 1.0.0 219.04 NOTE
r-devel-linux-x86_64-fedora-gcc 1.0.0 213.87 NOTE
r-devel-windows-ix86+x86_64 1.0.0 38.00 252.00 290.00 OK
r-patched-linux-x86_64 1.0.0 17.58 158.67 176.25 OK
r-patched-solaris-x86 1.0.0 252.70 NOTE
r-release-linux-x86_64 1.0.0 16.15 159.46 175.61 OK
r-release-macos-x86_64 1.0.0 NOTE
r-release-windows-ix86+x86_64 1.0.0 46.00 307.00 353.00 OK
r-oldrel-macos-x86_64 1.0.0 NOTE
r-oldrel-windows-ix86+x86_64 1.0.0 43.00 233.00 276.00 OK

Additional issues

valgrind

Check Details

Version: 1.0.0
Check: Rd cross-references
Result: NOTE
    Undeclared package ‘tidyr’ in Rd xrefs
Flavor: r-devel-linux-x86_64-fedora-clang

Version: 1.0.0
Check: data for non-ASCII characters
Result: NOTE
     Note: found 4 marked UTF-8 strings
Flavors: r-devel-linux-x86_64-fedora-clang, r-devel-linux-x86_64-fedora-gcc, r-patched-solaris-x86, r-release-macos-x86_64, r-oldrel-macos-x86_64