CRAN Package Check Results for Package downloadthis

Last updated on 2020-05-25 15:48:59 CEST.

Flavor Version Tinstall Tcheck Ttotal Status Flags
r-devel-linux-x86_64-debian-clang 0.2.0 2.24 29.22 31.46 OK
r-devel-linux-x86_64-debian-gcc 0.2.0 2.12 23.05 25.17 OK
r-devel-linux-x86_64-fedora-clang 0.2.0 39.25 NOTE
r-devel-linux-x86_64-fedora-gcc 0.2.0 38.62 OK
r-devel-windows-ix86+x86_64 0.2.0 13.00 66.00 79.00 NOTE
r-patched-linux-x86_64 0.2.0 2.66 28.91 31.57 OK
r-patched-solaris-x86 0.2.0 57.50 NOTE
r-release-linux-x86_64 0.2.0 2.54 28.97 31.51 OK
r-release-osx-x86_64 0.2.0 NOTE
r-release-windows-ix86+x86_64 0.2.0 12.00 62.00 74.00 NOTE
r-oldrel-osx-x86_64 0.2.0 NOTE
r-oldrel-windows-ix86+x86_64 0.2.0 7.00 53.00 60.00 NOTE

Check Details

Version: 0.2.0
Check: installed package size
Result: NOTE
     installed size is 5.1Mb
     sub-directories of 1Mb or more:
     assets 2.9Mb
     doc 2.0Mb
Flavors: r-devel-linux-x86_64-fedora-clang, r-devel-windows-ix86+x86_64, r-patched-solaris-x86, r-release-osx-x86_64, r-release-windows-ix86+x86_64, r-oldrel-osx-x86_64, r-oldrel-windows-ix86+x86_64