CRAN Package Check Results for Package dostats

Last updated on 2020-06-01 15:47:41 CEST.

Flavor Version Tinstall Tcheck Ttotal Status Flags
r-devel-linux-x86_64-debian-clang 1.3.2 1.85 22.81 24.66 NOTE
r-devel-linux-x86_64-debian-gcc 1.3.2 1.61 18.14 19.75 NOTE
r-devel-linux-x86_64-fedora-clang 1.3.2 39.18 NOTE
r-devel-linux-x86_64-fedora-gcc 1.3.2 29.90 NOTE
r-devel-windows-ix86+x86_64 1.3.2 6.00 38.00 44.00 NOTE
r-patched-linux-x86_64 1.3.2 1.84 22.91 24.75 NOTE
r-patched-solaris-x86 1.3.2 46.90 NOTE
r-release-linux-x86_64 1.3.2 2.13 22.95 25.08 NOTE
r-release-osx-x86_64 1.3.2 NOTE
r-release-windows-ix86+x86_64 1.3.2 5.00 52.00 57.00 NOTE
r-oldrel-osx-x86_64 1.3.2 NOTE
r-oldrel-windows-ix86+x86_64 1.3.2 9.00 34.00 43.00 NOTE

Check Details

Version: 1.3.2
Check: R code for possible problems
Result: NOTE
    dostats: no visible binding for global variable 'na.fail'
    first: no visible global function definition for 'head'
    last: no visible global function definition for 'tail'
    pval.default: no visible global function definition for '.hasSlot'
    pval.lm: no visible global function definition for 'anova'
    Undefined global functions or variables:
     .hasSlot anova head na.fail tail
    Consider adding
     importFrom("methods", ".hasSlot")
     importFrom("stats", "anova", "na.fail")
     importFrom("utils", "head", "tail")
    to your NAMESPACE file (and ensure that your DESCRIPTION Imports field
    contains 'methods').
Flavors: r-devel-linux-x86_64-debian-clang, r-devel-linux-x86_64-debian-gcc, r-devel-linux-x86_64-fedora-clang, r-devel-linux-x86_64-fedora-gcc, r-devel-windows-ix86+x86_64, r-patched-linux-x86_64, r-patched-solaris-x86, r-release-linux-x86_64, r-release-osx-x86_64, r-release-windows-ix86+x86_64, r-oldrel-osx-x86_64, r-oldrel-windows-ix86+x86_64