CRAN Package Check Results for Package dosedesignR

Last updated on 2020-08-13 15:51:00 CEST.

Flavor Version Tinstall Tcheck Ttotal Status Flags
r-devel-linux-x86_64-debian-clang 0.2.4 2.16 20.62 22.78 OK
r-devel-linux-x86_64-debian-gcc 0.2.4 1.70 16.45 18.15 OK
r-devel-linux-x86_64-fedora-clang 0.2.4 36.66 NOTE
r-devel-linux-x86_64-fedora-gcc 0.2.4 27.34 NOTE
r-devel-windows-ix86+x86_64 0.2.4 11.00 35.00 46.00 OK
r-patched-linux-x86_64 0.2.4 1.98 20.51 22.49 OK
r-patched-solaris-x86 0.2.4 43.40 NOTE
r-release-linux-x86_64 0.2.4 1.81 20.66 22.47 OK
r-release-macos-x86_64 0.2.4 NOTE
r-release-windows-ix86+x86_64 0.2.4 15.00 56.00 71.00 OK
r-oldrel-macos-x86_64 0.2.4 NOTE
r-oldrel-windows-ix86+x86_64 0.2.4 5.00 34.00 39.00 OK

Check Details

Version: 0.2.4
Check: dependencies in R code
Result: NOTE
    Namespaces in Imports field not imported from:
     ‘DT’ ‘DoseFinding’ ‘ggplot2’ ‘lattice’ ‘latticeExtra’ ‘shinyjs’
     All declared Imports should be used.
Flavors: r-devel-linux-x86_64-fedora-clang, r-devel-linux-x86_64-fedora-gcc, r-patched-solaris-x86, r-release-macos-x86_64, r-oldrel-macos-x86_64