CRAN Package Check Results for Package doremi

Last updated on 2021-12-08 03:58:18 CET.

Flavor Version Tinstall Tcheck Ttotal Status Flags
r-devel-linux-x86_64-debian-clang 1.0.0 12.38 294.93 307.31 OK
r-devel-linux-x86_64-debian-gcc 1.0.0 10.01 205.86 215.87 OK
r-devel-linux-x86_64-fedora-clang 1.0.0 348.37 NOTE
r-devel-linux-x86_64-fedora-gcc 1.0.0 333.50 NOTE
r-devel-windows-x86_64-new-UL 1.0.0 27.00 349.00 376.00 OK
r-devel-windows-x86_64-new-TK 1.0.0 NOTE
r-devel-windows-x86_64-old 1.0.0 20.00 320.00 340.00 OK
r-patched-linux-x86_64 1.0.0 11.85 269.85 281.70 OK
r-release-linux-x86_64 1.0.0 11.95 268.78 280.73 OK
r-release-macos-arm64 1.0.0 NOTE
r-release-macos-x86_64 1.0.0 NOTE
r-release-windows-ix86+x86_64 1.0.0 21.00 272.00 293.00 OK
r-oldrel-macos-x86_64 1.0.0 NOTE
r-oldrel-windows-ix86+x86_64 1.0.0 30.00 324.00 354.00 OK

Check Details

Version: 1.0.0
Check: dependencies in R code
Result: NOTE
    Namespace in Imports field not imported from: ‘gridExtra’
     All declared Imports should be used.
Flavors: r-devel-linux-x86_64-fedora-clang, r-devel-linux-x86_64-fedora-gcc, r-devel-windows-x86_64-new-TK, r-release-macos-arm64, r-release-macos-x86_64, r-oldrel-macos-x86_64