CRAN Package Check Results for Package dogesr

Last updated on 2024-02-22 05:01:43 CET.

Flavor Version Tinstall Tcheck Ttotal Status Flags
r-devel-linux-x86_64-debian-clang 0.5.0 OK
r-devel-linux-x86_64-debian-gcc 0.5.0 5.33 72.92 78.25 OK
r-devel-linux-x86_64-fedora-clang 0.5.0 128.05 NOTE
r-devel-linux-x86_64-fedora-gcc 0.5.0 139.28 NOTE
r-devel-windows-x86_64 0.5.0 7.00 93.00 100.00 OK
r-patched-linux-x86_64 0.5.0 4.27 92.63 96.90 OK
r-release-linux-x86_64 0.5.0 4.37 92.06 96.43 OK
r-release-macos-arm64 0.5.0 55.00 OK
r-release-macos-x86_64 0.5.0 107.00 OK
r-release-windows-x86_64 0.5.0 10.00 108.00 118.00 OK
r-oldrel-macos-arm64 0.5.0 46.00 OK
r-oldrel-windows-x86_64 0.5.0 10.00 117.00 127.00 OK

Check Details

Version: 0.5.0
Check: data for non-ASCII characters
Result: NOTE Note: found 3 marked UTF-8 strings Flavors: r-devel-linux-x86_64-fedora-clang, r-devel-linux-x86_64-fedora-gcc