CRAN Package Check Results for Package doSNOW

Last updated on 2020-08-06 04:48:00 CEST.

Flavor Version Tinstall Tcheck Ttotal Status Flags
r-devel-linux-x86_64-debian-clang 1.0.18 2.28 22.21 24.49 NOTE
r-devel-linux-x86_64-debian-gcc 1.0.18 1.66 17.45 19.11 NOTE
r-devel-linux-x86_64-fedora-clang 1.0.18 38.15 OK
r-devel-linux-x86_64-fedora-gcc 1.0.18 28.58 OK
r-devel-windows-ix86+x86_64 1.0.18 8.00 40.00 48.00 OK
r-patched-linux-x86_64 1.0.18 2.41 22.04 24.45 NOTE
r-patched-solaris-x86 1.0.18 47.70 OK
r-release-linux-x86_64 1.0.18 1.96 22.42 24.38 NOTE
r-release-macos-x86_64 1.0.18 OK
r-release-windows-ix86+x86_64 1.0.18 8.00 52.00 60.00 OK
r-oldrel-macos-x86_64 1.0.18 OK
r-oldrel-windows-ix86+x86_64 1.0.18 4.00 34.00 38.00 OK

Check Details

Version: 1.0.18
Check: R code for possible problems
Result: NOTE
    Found the following calls to attach():
    File 'doSNOW/R/doSNOW.R':
     attach(exportEnv)
    See section 'Good practice' in '?attach'.
Flavors: r-devel-linux-x86_64-debian-clang, r-devel-linux-x86_64-debian-gcc, r-patched-linux-x86_64, r-release-linux-x86_64