CRAN Package Check Results for Package doParallel

Last updated on 2020-07-11 15:47:20 CEST.

Flavor Version Tinstall Tcheck Ttotal Status Flags
r-devel-linux-x86_64-debian-clang 1.0.15 2.62 122.24 124.86 NOTE
r-devel-linux-x86_64-debian-gcc 1.0.15 1.96 92.44 94.40 NOTE
r-devel-linux-x86_64-fedora-gcc 1.0.15 141.60 OK
r-devel-windows-ix86+x86_64 1.0.15 8.00 164.00 172.00 OK
r-patched-linux-x86_64 1.0.15 2.61 118.75 121.36 NOTE
r-patched-solaris-x86 1.0.15 295.70 OK
r-release-linux-x86_64 1.0.15 2.51 120.28 122.79 NOTE
r-release-macos-x86_64 1.0.15 OK
r-release-windows-ix86+x86_64 1.0.15 5.00 162.00 167.00 OK
r-oldrel-macos-x86_64 1.0.15 OK
r-oldrel-windows-ix86+x86_64 1.0.15 7.00 118.00 125.00 OK

Check Details

Version: 1.0.15
Check: R code for possible problems
Result: NOTE
    Found the following calls to attach():
    File 'doParallel/R/doParallel.R':
     attach(exportEnv)
    See section 'Good practice' in '?attach'.
Flavors: r-devel-linux-x86_64-debian-clang, r-devel-linux-x86_64-debian-gcc, r-patched-linux-x86_64, r-release-linux-x86_64