CRAN Package Check Results for Package dlib

Last updated on 2020-10-30 15:49:14 CET.

Flavor Version Tinstall Tcheck Ttotal Status Flags
r-devel-linux-x86_64-debian-clang 1.0.3.1 12.16 27.99 40.15 OK
r-devel-linux-x86_64-debian-gcc 1.0.3.1 8.81 22.29 31.10 OK
r-devel-linux-x86_64-fedora-clang 1.0.3.1 57.56 NOTE
r-devel-linux-x86_64-fedora-gcc 1.0.3.1 44.79 OK
r-devel-windows-ix86+x86_64 1.0.3.1 30.00 69.00 99.00 NOTE
r-patched-linux-x86_64 1.0.3.1 10.31 26.86 37.17 OK
r-patched-solaris-x86 1.0.3.1 74.70 NOTE
r-release-linux-x86_64 1.0.3.1 11.34 26.87 38.21 OK
r-release-macos-x86_64 1.0.3.1 NOTE
r-release-windows-ix86+x86_64 1.0.3.1 28.00 65.00 93.00 NOTE
r-oldrel-macos-x86_64 1.0.3.1 NOTE
r-oldrel-windows-ix86+x86_64 1.0.3.1 39.00 61.00 100.00 NOTE

Check Details

Version: 1.0.3.1
Check: installed package size
Result: NOTE
     installed size is 16.6Mb
     sub-directories of 1Mb or more:
     include 16.3Mb
Flavors: r-devel-linux-x86_64-fedora-clang, r-devel-windows-ix86+x86_64, r-patched-solaris-x86, r-release-macos-x86_64, r-release-windows-ix86+x86_64, r-oldrel-macos-x86_64, r-oldrel-windows-ix86+x86_64