Last updated on 2023-11-28 16:48:16 CET.
Flavor | Version | Tinstall | Tcheck | Ttotal | Status | Flags |
---|---|---|---|---|---|---|
r-devel-linux-x86_64-debian-clang | 0.10.3 | 74.58 | 32.37 | 106.95 | OK | |
r-devel-linux-x86_64-debian-gcc | 0.10.3 | 48.49 | 24.95 | 73.44 | OK | |
r-devel-linux-x86_64-fedora-clang | 0.10.3 | 155.85 | OK | |||
r-devel-linux-x86_64-fedora-gcc | 0.10.3 | 160.07 | OK | |||
r-devel-windows-x86_64 | 0.10.3 | 59.00 | 64.00 | 123.00 | WARN | |
r-patched-linux-x86_64 | 0.10.3 | 58.82 | 31.51 | 90.33 | OK | |
r-release-linux-x86_64 | 0.10.3 | 64.01 | 31.77 | 95.78 | OK | |
r-release-macos-arm64 | 0.10.3 | 44.00 | OK | |||
r-release-macos-x86_64 | 0.10.3 | 73.00 | OK | |||
r-release-windows-x86_64 | 0.10.3 | 58.00 | 71.00 | 129.00 | OK | |
r-oldrel-macos-arm64 | 0.10.3 | 42.00 | OK | |||
r-oldrel-macos-x86_64 | 0.10.3 | 55.00 | OK | |||
r-oldrel-windows-x86_64 | 0.10.3 | 68.00 | 73.00 | 141.00 | OK |
Version: 0.10.3
Check: whether package can be installed
Result: WARN
Found the following significant warnings:
dcm2niix/nii_dicom.cpp:2788:30: warning: unknown conversion type character 'z' in format [-Wformat=]
dcm2niix/nii_dicom.cpp:2788:30: warning: too many arguments for format [-Wformat-extra-args]
dcm2niix/nii_dicom.cpp:2800:28: warning: unknown conversion type character 'z' in format [-Wformat=]
dcm2niix/nii_dicom.cpp:2800:28: warning: format '%s' expects argument of type 'char*', but argument 2 has type 'size_t' {aka 'long long unsigned int'} [-Wformat=]
dcm2niix/nii_dicom.cpp:2800:28: warning: too many arguments for format [-Wformat-extra-args]
dcm2niix/nii_dicom.cpp:3358:28: warning: unknown conversion type character 'z' in format [-Wformat=]
dcm2niix/nii_dicom.cpp:3358:28: warning: format '%d' expects argument of type 'int', but argument 2 has type 'size_t' {aka 'long long unsigned int'} [-Wformat=]
dcm2niix/nii_dicom.cpp:3358:28: warning: format '%s' expects argument of type 'char*', but argument 3 has type 'int' [-Wformat=]
dcm2niix/nii_dicom.cpp:3358:28: warning: too many arguments for format [-Wformat-extra-args]
dcm2niix/nii_dicom.cpp:3440:28: warning: unknown conversion type character 'z' in format [-Wformat=]
dcm2niix/nii_dicom.cpp:3440:28: warning: format '%d' expects argument of type 'int', but argument 2 has type 'size_t' {aka 'long long unsigned int'} [-Wformat=]
dcm2niix/nii_dicom.cpp:3440:28: warning: format '%s' expects argument of type 'char*', but argument 3 has type 'int' [-Wformat=]
dcm2niix/nii_dicom.cpp:3440:28: warning: too many arguments for format [-Wformat-extra-args]
dcm2niix/nii_dicom.cpp:4109:28: warning: unknown conversion type character 'z' in format [-Wformat=]
dcm2niix/nii_dicom.cpp:4109:28: warning: format '%s' expects argument of type 'char*', but argument 2 has type 'size_t' {aka 'long long unsigned int'} [-Wformat=]
dcm2niix/nii_dicom.cpp:4109:28: warning: too many arguments for format [-Wformat-extra-args]
dcm2niix/nii_dicom.cpp:4554:44: warning: unknown conversion type character 'z' in format [-Wformat=]
dcm2niix/nii_dicom.cpp:4554:44: warning: format '%s' expects argument of type 'char*', but argument 2 has type 'size_t' {aka 'long long unsigned int'} [-Wformat=]
dcm2niix/nii_dicom.cpp:4554:44: warning: too many arguments for format [-Wformat-extra-args]
dcm2niix/nii_dicom_batch.cpp:7176:36: warning: unknown conversion type character 'z' in format [-Wformat=]
dcm2niix/nii_dicom_batch.cpp:7176:36: warning: format '%s' expects argument of type 'char*', but argument 2 has type 'size_t' {aka 'long long unsigned int'} [-Wformat=]
dcm2niix/nii_dicom_batch.cpp:7176:36: warning: too many arguments for format [-Wformat-extra-args]
dcm2niix/nii_dicom_batch.cpp:7729:28: warning: unknown conversion type character 'z' in format [-Wformat=]
dcm2niix/nii_dicom_batch.cpp:7729:28: warning: too many arguments for format [-Wformat-extra-args]
See 'd:/Rcompile/CRANpkg/local/4.4/divest.Rcheck/00install.out' for details.
* used C++ compiler: 'g++.exe (GCC) 12.3.0'
Flavor: r-devel-windows-x86_64