CRAN Package Check Results for Package distrr

Last updated on 2020-08-11 15:48:32 CEST.

Flavor Version Tinstall Tcheck Ttotal Status Flags
r-devel-linux-x86_64-debian-clang 0.0.6 4.58 38.40 42.98 OK
r-devel-linux-x86_64-debian-gcc 0.0.6 0.33 1.71 2.04 ERROR
r-devel-linux-x86_64-fedora-clang 0.0.6 59.99 OK
r-devel-linux-x86_64-fedora-gcc 0.0.6 49.30 OK
r-devel-windows-ix86+x86_64 0.0.6 10.00 80.00 90.00 OK
r-patched-linux-x86_64 0.0.6 4.26 37.33 41.59 OK
r-patched-solaris-x86 0.0.6 79.20 OK
r-release-linux-x86_64 0.0.6 0.38 2.29 2.67 ERROR
r-release-macos-x86_64 0.0.6 OK
r-release-windows-ix86+x86_64 0.0.6 17.00 72.00 89.00 OK
r-oldrel-macos-x86_64 0.0.6 OK
r-oldrel-windows-ix86+x86_64 0.0.6 9.00 59.00 68.00 OK

Check Details

Version: 0.0.6
Check: package dependencies
Result: ERROR
    Package required but not available: ‘tidyr’
    
    See section ‘The DESCRIPTION file’ in the ‘Writing R Extensions’
    manual.
Flavors: r-devel-linux-x86_64-debian-gcc, r-release-linux-x86_64