CRAN Package Check Results for Package distributions3

Last updated on 2024-02-24 04:58:40 CET.

Flavor Version Tinstall Tcheck Ttotal Status Flags
r-devel-linux-x86_64-debian-clang 0.2.1 12.58 200.11 212.69 NOTE
r-devel-linux-x86_64-debian-gcc 0.2.1 9.44 150.17 159.61 NOTE
r-devel-linux-x86_64-fedora-clang 0.2.1 273.22 OK
r-devel-linux-x86_64-fedora-gcc 0.2.1 277.40 OK
r-devel-windows-x86_64 0.2.1 14.00 198.00 212.00 OK
r-patched-linux-x86_64 0.2.1 21.05 197.18 218.23 OK
r-release-linux-x86_64 0.2.1 12.21 194.10 206.31 OK
r-release-macos-arm64 0.2.1 86.00 OK
r-release-macos-x86_64 0.2.1 127.00 OK
r-release-windows-x86_64 0.2.1 18.00 243.00 261.00 OK
r-oldrel-macos-arm64 0.2.1 66.00 OK
r-oldrel-windows-x86_64 0.2.1 19.00 203.00 222.00 OK

Check Details

Version: 0.2.1
Check: Rd files
Result: NOTE checkRd: (-1) Exponential.Rd:31: Lost braces 31 | \strong{Support}: {x in [0, \eqn{\infty})} | ^ Flavors: r-devel-linux-x86_64-debian-clang, r-devel-linux-x86_64-debian-gcc