CRAN Package Check Results for Package distr

Last updated on 2020-08-08 03:50:37 CEST.

Flavor Version Tinstall Tcheck Ttotal Status Flags
r-devel-linux-x86_64-debian-clang 2.8.0 33.35 226.85 260.20 OK
r-devel-linux-x86_64-debian-gcc 2.8.0 27.79 166.10 193.89 OK
r-devel-linux-x86_64-fedora-clang 2.8.0 239.33 NOTE
r-devel-linux-x86_64-fedora-gcc 2.8.0 231.10 OK
r-devel-windows-ix86+x86_64 2.8.0 69.00 484.00 553.00 OK
r-patched-linux-x86_64 2.8.0 34.24 222.67 256.91 OK
r-patched-solaris-x86 2.8.0 278.50 OK
r-release-linux-x86_64 2.8.0 35.74 220.02 255.76 OK
r-release-macos-x86_64 2.8.0 OK
r-release-windows-ix86+x86_64 2.8.0 73.00 494.00 567.00 OK
r-oldrel-macos-x86_64 2.8.0 OK
r-oldrel-windows-ix86+x86_64 2.8.0 49.00 337.00 386.00 OK

Check Details

Version: 2.8.0
Check: Rd cross-references
Result: NOTE
    Undeclared packages ‘distrMod’, ‘RobAStBase’ in Rd xrefs
Flavor: r-devel-linux-x86_64-fedora-clang