CRAN Package Check Results for Package distill

Last updated on 2020-08-14 03:47:40 CEST.

Flavor Version Tinstall Tcheck Ttotal Status Flags
r-devel-linux-x86_64-debian-clang 0.8 6.18 42.74 48.92 NOTE
r-devel-linux-x86_64-debian-gcc 0.8 5.24 33.25 38.49 OK
r-devel-linux-x86_64-fedora-clang 0.8 65.69 OK
r-devel-linux-x86_64-fedora-gcc 0.8 56.49 OK
r-devel-windows-ix86+x86_64 0.8 17.00 57.00 74.00 OK
r-patched-linux-x86_64 0.8 5.49 42.84 48.33 OK
r-patched-solaris-x86 0.8 77.30 OK
r-release-linux-x86_64 0.8 6.73 42.45 49.18 OK
r-release-macos-x86_64 0.8 OK
r-release-windows-ix86+x86_64 0.8 16.00 74.00 90.00 OK
r-oldrel-macos-x86_64 0.8 OK
r-oldrel-windows-ix86+x86_64 0.8 12.00 50.00 62.00 OK

Check Details

Version: 0.8
Check: package dependencies
Result: NOTE
    Package suggested but not available for checking: 'DiagrammeR'
Flavor: r-devel-linux-x86_64-debian-clang