CRAN Package Check Results for Package diseasemapping

Last updated on 2020-08-11 03:47:46 CEST.

Flavor Version Tinstall Tcheck Ttotal Status Flags
r-devel-linux-x86_64-debian-clang 1.4.9 7.42 88.14 95.56 NOTE
r-devel-linux-x86_64-debian-gcc 1.4.9 5.46 67.56 73.02 NOTE
r-devel-linux-x86_64-fedora-clang 1.4.9 121.08 OK
r-devel-linux-x86_64-fedora-gcc 1.4.9 148.05 OK
r-devel-windows-ix86+x86_64 1.4.9 17.00 132.00 149.00 OK
r-patched-linux-x86_64 1.4.9 5.81 85.60 91.41 NOTE
r-patched-solaris-x86 1.4.9 166.40 NOTE
r-release-linux-x86_64 1.4.9 7.20 86.15 93.35 NOTE
r-release-macos-x86_64 1.4.9 NOTE
r-release-windows-ix86+x86_64 1.4.9 16.00 149.00 165.00 OK
r-oldrel-macos-x86_64 1.4.9 NOTE
r-oldrel-windows-ix86+x86_64 1.4.9 11.00 90.00 101.00 OK

Check Details

Version: 1.4.9
Check: package dependencies
Result: NOTE
    Package which this enhances but not available for checking: 'INLA'
Flavors: r-devel-linux-x86_64-debian-clang, r-devel-linux-x86_64-debian-gcc, r-patched-linux-x86_64, r-patched-solaris-x86, r-release-linux-x86_64, r-release-macos-x86_64, r-oldrel-macos-x86_64