CRAN Package Check Results for Package discoverableresearch

Last updated on 2024-02-29 15:53:43 CET.

Flavor Version Tinstall Tcheck Ttotal Status Flags
r-devel-linux-x86_64-debian-clang 0.0.1 3.04 47.57 50.61 OK
r-devel-linux-x86_64-debian-gcc 0.0.1 2.28 35.76 38.04 OK
r-devel-linux-x86_64-fedora-clang 0.0.1 62.72 NOTE
r-devel-linux-x86_64-fedora-gcc 0.0.1 75.05 NOTE
r-devel-windows-x86_64 0.0.1 4.00 60.00 64.00 OK
r-patched-linux-x86_64 0.0.1 3.01 46.09 49.10 OK
r-release-linux-x86_64 0.0.1 2.50 45.82 48.32 OK
r-release-macos-arm64 0.0.1 31.00 OK
r-release-macos-x86_64 0.0.1 46.00 OK
r-release-windows-x86_64 0.0.1 6.00 66.00 72.00 OK
r-oldrel-macos-arm64 0.0.1 24.00 NOTE
r-oldrel-windows-x86_64 0.0.1 5.00 70.00 75.00 OK

Check Details

Version: 0.0.1
Check: dependencies in R code
Result: NOTE Namespaces in Imports field not imported from: ‘dplyr’ ‘readr’ All declared Imports should be used. Flavors: r-devel-linux-x86_64-fedora-clang, r-devel-linux-x86_64-fedora-gcc, r-oldrel-macos-arm64