CRAN Package Check Results for Package dina

Last updated on 2023-11-29 04:57:18 CET.

Flavor Version Tinstall Tcheck Ttotal Status Flags
r-devel-linux-x86_64-debian-clang 2.0.0 34.04 28.72 62.76 NOTE
r-devel-linux-x86_64-debian-gcc 2.0.0 25.21 22.97 48.18 NOTE
r-devel-linux-x86_64-fedora-clang 2.0.0 96.46 NOTE
r-devel-linux-x86_64-fedora-gcc 2.0.0 91.62 NOTE
r-devel-windows-x86_64 2.0.0 29.00 62.00 91.00 NOTE
r-patched-linux-x86_64 2.0.0 29.23 28.91 58.14 NOTE
r-release-linux-x86_64 2.0.0 28.80 29.37 58.17 NOTE
r-release-macos-arm64 2.0.0 30.00 NOTE
r-release-macos-x86_64 2.0.0 42.00 NOTE
r-release-windows-x86_64 2.0.0 37.00 70.00 107.00 NOTE
r-oldrel-macos-arm64 2.0.0 31.00 OK
r-oldrel-macos-x86_64 2.0.0 36.00 OK
r-oldrel-windows-x86_64 2.0.0 35.00 71.00 106.00 OK

Check Details

Version: 2.0.0
Check: C++ specification
Result: NOTE Specified C++11: please drop specification unless essential Flavors: r-devel-linux-x86_64-debian-clang, r-devel-linux-x86_64-debian-gcc, r-devel-linux-x86_64-fedora-clang, r-devel-linux-x86_64-fedora-gcc, r-devel-windows-x86_64, r-patched-linux-x86_64, r-release-linux-x86_64, r-release-macos-arm64, r-release-macos-x86_64, r-release-windows-x86_64