CRAN Package Check Results for Package digest

Last updated on 2020-07-07 03:47:38 CEST.

Flavor Version Tinstall Tcheck Ttotal Status Flags
r-devel-linux-x86_64-debian-clang 0.6.25 7.62 27.85 35.47 OK
r-devel-linux-x86_64-debian-gcc 0.6.25 5.07 22.17 27.24 OK
r-devel-linux-x86_64-fedora-clang 0.6.25 54.21 OK
r-devel-linux-x86_64-fedora-gcc 0.6.25 44.65 OK
r-devel-windows-ix86+x86_64 0.6.25 29.00 54.00 83.00 OK
r-patched-linux-x86_64 0.6.25 5.25 28.04 33.29 OK
r-patched-solaris-x86 0.6.25 61.80 OK
r-release-linux-x86_64 0.6.25 5.99 27.89 33.88 OK
r-release-osx-x86_64 0.6.25 OK
r-release-windows-ix86+x86_64 0.6.25 3.00 7.00 10.00 ERROR
r-oldrel-osx-x86_64 0.6.25 OK
r-oldrel-windows-ix86+x86_64 0.6.25 28.00 51.00 79.00 OK

Check Details

Version: 0.6.25
Check: whether package can be installed
Result: ERROR
    Installation failed.
Flavor: r-release-windows-ix86+x86_64