CRAN Package Check Results for Package diffudist

Last updated on 2024-02-26 04:49:24 CET.

Flavor Version Tinstall Tcheck Ttotal Status Flags
r-devel-linux-x86_64-debian-clang 1.0.1 42.68 71.18 113.86 OK
r-devel-linux-x86_64-debian-gcc 1.0.1 31.11 52.97 84.08 OK
r-devel-linux-x86_64-fedora-clang 1.0.1 152.02 OK
r-devel-linux-x86_64-fedora-gcc 1.0.1 162.75 OK
r-devel-windows-x86_64 1.0.1 35.00 95.00 130.00 OK
r-patched-linux-x86_64 1.0.1 29.41 67.31 96.72 OK
r-release-linux-x86_64 1.0.1 42.80 67.21 110.01 OK
r-release-macos-arm64 1.0.1 52.00 OK
r-release-macos-x86_64 1.0.1 73.00 NOTE
r-release-windows-x86_64 1.0.1 43.00 111.00 154.00 OK
r-oldrel-macos-arm64 1.0.1 45.00 OK
r-oldrel-windows-x86_64 1.0.1 41.00 108.00 149.00 OK

Check Details

Version: 1.0.1
Check: package dependencies
Result: NOTE Package suggested but not available for checking: ‘parallelDist’ Flavor: r-release-macos-x86_64