CRAN Package Check Results for Package diffIRT

Last updated on 2020-06-01 15:47:41 CEST.

Flavor Version Tinstall Tcheck Ttotal Status Flags
r-devel-linux-x86_64-debian-clang 1.5 4.85 28.44 33.29 OK
r-devel-linux-x86_64-debian-gcc 1.5 4.04 22.34 26.38 OK
r-devel-linux-x86_64-fedora-clang 1.5 49.83 NOTE
r-devel-linux-x86_64-fedora-gcc 1.5 41.21 NOTE
r-devel-windows-ix86+x86_64 1.5 18.00 66.00 84.00 OK
r-patched-linux-x86_64 1.5 5.49 28.91 34.40 OK
r-patched-solaris-x86 1.5 58.60 OK
r-release-linux-x86_64 1.5 5.11 29.02 34.13 OK
r-release-osx-x86_64 1.5 OK
r-release-windows-ix86+x86_64 1.5 14.00 59.00 73.00 OK
r-oldrel-osx-x86_64 1.5 OK
r-oldrel-windows-ix86+x86_64 1.5 20.00 47.00 67.00 OK

Check Details

Version: 1.5
Check: compiled code
Result: NOTE
    File ‘diffIRT/libs/diffIRT.so’:
     Found no calls to: ‘R_registerRoutines’, ‘R_useDynamicSymbols’
    
    It is good practice to register native routines and to disable symbol
    search.
    
    See ‘Writing portable packages’ in the ‘Writing R Extensions’ manual.
Flavors: r-devel-linux-x86_64-fedora-clang, r-devel-linux-x86_64-fedora-gcc